{"id":1040216,"date":"2026-02-04T05:09:54","date_gmt":"2026-02-04T04:09:54","guid":{"rendered":"https:\/\/www.dolphin-am.com\/montealto\/?page_id=1040216"},"modified":"2026-03-19T03:20:20","modified_gmt":"2026-03-19T02:20:20","slug":"bases","status":"publish","type":"page","link":"https:\/\/www.dolphin-am.com\/montealto\/bases\/","title":{"rendered":"Bases legales del certamen"},"content":{"rendered":"<p>{\u00abmain-title\u00bb:{\u00abcomponent\u00bb:\u00bbhc_title\u00bb,\u00bbid\u00bb:\u00bbmain-title\u00bb,\u00bbtitle\u00bb:\u00bb\u00bb,\u00bbsubtitle\u00bb:\u00bb\u00bb,\u00bbtitle_content\u00bb:{\u00abcomponent\u00bb:\u00bbhc_title_base\u00bb,\u00bbid\u00bb:\u00bbtitle-base\u00bb,\u00bbimage\u00bb:\u00bb\u00bb,\u00bbbreadcrumbs\u00bb:false,\u00bblight\u00bb:false,\u00bbalignment\u00bb:\u00bb\u00bb}},\u00bbsection_5ZtkF\u00bb:{\u00abcomponent\u00bb:\u00bbhc_section\u00bb,\u00bbid\u00bb:\u00bbsection_5ZtkF\u00bb,\u00bbsection_width\u00bb:\u00bb\u00bb,\u00bbanimation\u00bb:\u00bb\u00bb,\u00bbanimation_time\u00bb:\u00bb\u00bb,\u00bbtimeline_animation\u00bb:\u00bb\u00bb,\u00bbtimeline_delay\u00bb:\u00bb\u00bb,\u00bbtimeline_order\u00bb:\u00bb\u00bb,\u00bbvertical_row\u00bb:\u00bb\u00bb,\u00bbcss_classes\u00bb:\u00bb\u00bb,\u00bbcustom_css_classes\u00bb:\u00bb\u00bb,\u00bbcustom_css_styles\u00bb:\u00bb\u00bb,\u00bbsection_content\u00bb:[{\u00abcomponent\u00bb:\u00bbhc_column\u00bb,\u00bbid\u00bb:\u00bbcolumn_nIQ82&#8243;,\u00bbcolumn_width\u00bb:\u00bbcol-md-12&#8243;,\u00bbanimation\u00bb:\u00bb\u00bb,\u00bbanimation_time\u00bb:\u00bb\u00bb,\u00bbtimeline_animation\u00bb:\u00bb\u00bb,\u00bbtimeline_delay\u00bb:\u00bb\u00bb,\u00bbtimeline_order\u00bb:\u00bb\u00bb,\u00bbcss_classes\u00bb:\u00bb\u00bb,\u00bbcustom_css_classes\u00bb:\u00bb\u00bb,\u00bbcustom_css_styles\u00bb:\u00bb\u00bb,\u00bbmain_content\u00bb:[{\u00abcomponent\u00bb:\u00bbhc_title_tag\u00bb,\u00bbid\u00bb:\u00bbuLoBq\u00bb,\u00bbcss_classes\u00bb:\u00bb\u00bb,\u00bbcustom_css_classes\u00bb:\u00bb\u00bb,\u00bbcustom_css_styles\u00bb:\u00bb\u00bb,\u00bbtext\u00bb:\u00bbPRIMERA: OBJETO\u00bb,\u00bbtag\u00bb:\u00bbh2&#8243;},{\u00abcomponent\u00bb:\u00bbhc_text_block\u00bb,\u00bbid\u00bb:\u00bbO4YU0&#8243;,\u00bbcss_classes\u00bb:\u00bb\u00bb,\u00bbcustom_css_classes\u00bb:\u00bb\u00bb,\u00bbcustom_css_styles\u00bb:\u00bb\u00bb,\u00bbcontent\u00bb:\u00bbLos Premios MONTEALTO ALUMNI (en adelante, los \u201cPremios\u201d) est\u00e1n organizados y gestionados por la ASOCIACI\u00d3N DE ANTIGUAS ALUMNAS DEL COLEGIO MONTEALTO (en adelante, \u201cAAA\u201d), con el fin de seleccionar a las Alumnis m\u00e1s destacadas por su trayectoria personal, vida de superaci\u00f3n o proyecto solidario, seg\u00fan se establece a continuaci\u00f3n:\\n<\/p>\n<ul>\\n<\/p>\n<li>La categor\u00eda <b>Proyecto Solidario<\/b> premia a una antigua alumna por llevar a cabo actividades sin \u00e1nimo de lucro, creadas y desarrolladas con el objetivo de difundir solidaridad y mejorando la vida de las personas.<\/li>\n<p>\\n<\/p>\n<li>La categor\u00eda <b>Vida de superaci\u00f3n<\/b> premia tener una vida de superaci\u00f3n y lucha ante las dificultades o por ser ejemplar en la vivencia de determinados valores humanos.<\/li>\n<p>\\n<\/p>\n<li>La categor\u00eda <b>Trayectoria Profesional<\/b> premia a una alumna que haya destacado por su labor o m\u00e9ritos profesional.<\/li>\n<p>\\n<\/ul>\n<p>\\nComo novedad a partir de la edici\u00f3n 2026 tambi\u00e9n se incluye la categor\u00eda <b>Premio Extraordinario a Profesoras<\/b> seg\u00fan los ciclos educativos:\\n<\/p>\n<ul>\\n<\/p>\n<li>Preescolar \/ Educaci\u00f3n Infantil.<\/li>\n<p>\\n<\/p>\n<li>EGB \/ Educaci\u00f3n Primaria.<\/li>\n<p>\\n<\/p>\n<li>BUP \/ Educaci\u00f3n Secundaria Obligatoria.<\/li>\n<p>\\n<\/p>\n<li>COU \/ Bachillerato.<\/li>\n<p>\\n<\/ul>\n<p>\\n\\n\u00bb},{\u00abcomponent\u00bb:\u00bbhc_title_tag\u00bb,\u00bbid\u00bb:\u00bbr00jp\u00bb,\u00bbcss_classes\u00bb:\u00bb\u00bb,\u00bbcustom_css_classes\u00bb:\u00bb\u00bb,\u00bbcustom_css_styles\u00bb:\u00bb\u00bb,\u00bbtext\u00bb:\u00bbSEGUNDA: REQUISITOS DE PARTICIPACI\u00d3N\u00bb,\u00bbtag\u00bb:\u00bbh2&#8243;},{\u00abcomponent\u00bb:\u00bbhc_text_block\u00bb,\u00bbid\u00bb:\u00bb4OpIG\u00bb,\u00bbcss_classes\u00bb:\u00bb\u00bb,\u00bbcustom_css_classes\u00bb:\u00bb\u00bb,\u00bbcustom_css_styles\u00bb:\u00bb\u00bb,\u00bbcontent\u00bb:\u00bbPuede participar en los Premios cualquier Antigua Alumna (mayor de 18 a\u00f1os) del Colegio Montealto. La participaci\u00f3n ser\u00e1 gratuita y podr\u00e1 realizarse mediante el env\u00edo de la documentaci\u00f3n requerida m\u00e1s abajo y de acuerdo con lo establecido en la base Tercera siguiente. \\n\\nEl plazo de participaci\u00f3n en los Premios ser\u00e1:\\n<\/p>\n<ol>\\n<\/p>\n<li>Propuestas de candidatas al premio: del 18 de febero al 27 de marzo de 2026 a las 12:00h.<\/li>\n<p>\\n<\/p>\n<li>Votaci\u00f3n de candidatas propuestas por las alumni: del 4 de abril al 13 de abril de 2026 a las 12:00h.<\/li>\n<p>\\n<\/ol>\n<p>\\nNo se tendr\u00e1n en cuenta aquellas participaciones que se realicen con anterioridad o con posterioridad a las fechas se\u00f1aladas anteriormente, aunque el acceso para participar estuviese disponible.\\n\\n\\n\\n\u00bb},{\u00abcomponent\u00bb:\u00bbhc_title_tag\u00bb,\u00bbid\u00bb:\u00bbR1y7P\u00bb,\u00bbcss_classes\u00bb:\u00bb\u00bb,\u00bbcustom_css_classes\u00bb:\u00bb\u00bb,\u00bbcustom_css_styles\u00bb:\u00bb\u00bb,\u00bbtext\u00bb:\u00bbTERCERA: REQUISITOS Y MODO DE PRESENTACI\u00d3N DE CANDIDATURAS\u00bb,\u00bbtag\u00bb:\u00bbh2&#8243;},{\u00abcomponent\u00bb:\u00bbhc_title_tag\u00bb,\u00bbid\u00bb:\u00bbXWOGW\u00bb,\u00bbcss_classes\u00bb:\u00bb\u00bb,\u00bbcustom_css_classes\u00bb:\u00bb\u00bb,\u00bbcustom_css_styles\u00bb:\u00bb\u00bb,\u00bbtext\u00bb:\u00bb3.1 Categor\u00eda \\\u00bbPremio Montealto Alumni Proyecto Solidario\\\u00bb\u00bb,\u00bbtag\u00bb:\u00bbh4&#8243;},{\u00abcomponent\u00bb:\u00bbhc_text_block\u00bb,\u00bbid\u00bb:\u00bb2K71O\u00bb,\u00bbcss_classes\u00bb:\u00bb\u00bb,\u00bbcustom_css_classes\u00bb:\u00bb\u00bb,\u00bbcustom_css_styles\u00bb:\u00bb\u00bb,\u00bbcontent\u00bb:\u00bbA esta categor\u00eda se podr\u00e1n presentar todas las candidatas que consideren las Antiguas Alumnas sean merecedoras de este premio. Para ello, las Antiguas Alumnas deber\u00e1n presentar a concurso a compa\u00f1eras que destaquen por su proyecto humanitario que lleve a cabo actividades sin \u00e1nimo de lucro, creadas y desarrolladas con el objetivo de difundir solidaridad y mejorando la vida de las personas. Se deber\u00e1 de acreditar con un  documento, resumen, v\u00eddeo o enlaces con informaci\u00f3n que hablen de su proyecto social. Sin el mismo no tendr\u00e1 validez la propuesta.\\n\\nPara participar en esta categor\u00eda, el participante deber\u00e1 rellenar el formulario habilitado al efecto <a href=\\\"https:\/\/www.dolphin-am.com\/montealto\/candidatura\\\">aqu\u00ed<\/a>.\\n\\nLa votaci\u00f3n posterior lo har\u00e1n las antiguas alumnas del colegio Montealto y quienes elegir\u00e1n a la ganadora final, que ser\u00e1 la m\u00e1s votada entre todas las propuestas.\\n\\n\u00bb},{\u00abcomponent\u00bb:\u00bbhc_title_tag\u00bb,\u00bbid\u00bb:\u00bbWbR4P\u00bb,\u00bbcss_classes\u00bb:\u00bb\u00bb,\u00bbcustom_css_classes\u00bb:\u00bb\u00bb,\u00bbcustom_css_styles\u00bb:\u00bb\u00bb,\u00bbtext\u00bb:\u00bb3.2 Categor\u00eda \\\u00bbPremio Montealto Alumni Vida de Superaci\u00f3n\\\u00bb\u00bb,\u00bbtag\u00bb:\u00bbh4&#8243;},{\u00abcomponent\u00bb:\u00bbhc_text_block\u00bb,\u00bbid\u00bb:\u00bbloNgy\u00bb,\u00bbcss_classes\u00bb:\u00bb\u00bb,\u00bbcustom_css_classes\u00bb:\u00bb\u00bb,\u00bbcustom_css_styles\u00bb:\u00bb\u00bb,\u00bbcontent\u00bb:\u00bbA esta categor\u00eda se podr\u00e1n presentar todas las candidatas que consideren las Antiguas Alumnas sean merecedoras de este premio. Para ello, las Antiguas Alumnas deber\u00e1n presentar a concurso a compa\u00f1eras que destaquen por sus valores humanos, superaci\u00f3n y hayan sido personas relevantes. Se deber\u00e1 de acreditar con un breve resumen, v\u00eddeo y o documento de su trayectoria de vida. Sin el mismo no tendr\u00e1 validez la propuesta.\\n\\nPara participar en esta categor\u00eda, el participante deber\u00e1 rellenar el formulario habilitado al efecto <a href=\\\"https:\/\/www.dolphin-am.com\/montealto\/candidatura\\\">aqu\u00ed<\/a>.\\n\\nLa votaci\u00f3n posterior lo har\u00e1n las antiguas alumnas del colegio Montealto y quienes elegir\u00e1n a la ganadora final, que ser\u00e1 la m\u00e1s votada entre todas las propuestas.\\n\\n\u00bb},{\u00abcomponent\u00bb:\u00bbhc_title_tag\u00bb,\u00bbid\u00bb:\u00bb4Blqo\u00bb,\u00bbcss_classes\u00bb:\u00bb\u00bb,\u00bbcustom_css_classes\u00bb:\u00bb\u00bb,\u00bbcustom_css_styles\u00bb:\u00bb\u00bb,\u00bbtext\u00bb:\u00bb3.3 Categor\u00eda \\\u00bbPremio Montealto Alumni Trayectoria Profesional\\\u00bb\u00bb,\u00bbtag\u00bb:\u00bbh4&#8243;},{\u00abcomponent\u00bb:\u00bbhc_text_block\u00bb,\u00bbid\u00bb:\u00bbaeOVW\u00bb,\u00bbcss_classes\u00bb:\u00bb\u00bb,\u00bbcustom_css_classes\u00bb:\u00bb\u00bb,\u00bbcustom_css_styles\u00bb:\u00bb\u00bb,\u00bbcontent\u00bb:\u00bbA esta categor\u00eda se podr\u00e1n presentar todas las candidatas que consideren las Antiguas Alumnas sean merecedoras de este premio. Para ello, las Antiguas Alumnas deber\u00e1n presentar a concurso a compa\u00f1eras que destaquen por sus valores profesionales y su aportaci\u00f3n al mundo a este respecto.\\n\\nPara participar en esta categor\u00eda, el participante deber\u00e1 rellenar el formulario habilitado al efecto <a href=\\\"https:\/\/www.dolphin-am.com\/montealto\/candidatura\\\">aqu\u00ed<\/a>.\\n\\nSer\u00e1 decisi\u00f3n de la Junta Directiva de la Asociaci\u00f3n de Antiguas Alumnas del Colegio Montealto conceder a una Alumni este premio extraordinario por la trayectoria personal\/ profesional que consideren de especial inter\u00e9s o haya destacado en el a\u00f1o anterior a la entrega de los premios.\\n\\n\u00bb},{\u00abcomponent\u00bb:\u00bbhc_title_tag\u00bb,\u00bbid\u00bb:\u00bbr19dl\u00bb,\u00bbcss_classes\u00bb:\u00bb\u00bb,\u00bbcustom_css_classes\u00bb:\u00bb\u00bb,\u00bbcustom_css_styles\u00bb:\u00bb\u00bb,\u00bbtext\u00bb:\u00bb3.4 Categor\u00eda \\\u00bbPremio Montealto Alumni Extraordinario a Profesoras\\\u00bb\u00bb,\u00bbtag\u00bb:\u00bbh4&#8243;},{\u00abcomponent\u00bb:\u00bbhc_text_block\u00bb,\u00bbid\u00bb:\u00bb2Wfga\u00bb,\u00bbcss_classes\u00bb:\u00bb\u00bb,\u00bbcustom_css_classes\u00bb:\u00bb\u00bb,\u00bbcustom_css_styles\u00bb:\u00bb\u00bb,\u00bbcontent\u00bb:\u00bbA esta categor\u00eda se podr\u00e1n presentar todas las profesoras del Colegio Montealto que consideren las Antiguas Alumnas sean merecedoras de este premio. Para ello, las Antiguas Alumnas deber\u00e1n proponer a profesoras que hayan dejado una huella imborrable en sus vidas acad\u00e9micas por sus cualidades pedag\u00f3gicas, su entrega al trabajo, su trato humano y su influencia en la trayectoria curricular posterior.\\n\\nPara participar en esta categor\u00eda, el participante deber\u00e1 rellenar el formulario habilitado al efecto <a href=\\\"https:\/\/www.dolphin-am.com\/montealto\/candidatura\\\">aqu\u00ed<\/a>.\\n\\nLa votaci\u00f3n posterior la har\u00e1n las antiguas alumnas del colegio Montealto y las ganadoras finales ser\u00e1n las m\u00e1s votadas en cada ciclo educativo.\\n\\n\\n\\n\u00bb},{\u00abcomponent\u00bb:\u00bbhc_title_tag\u00bb,\u00bbid\u00bb:\u00bbYo0ci\u00bb,\u00bbcss_classes\u00bb:\u00bb\u00bb,\u00bbcustom_css_classes\u00bb:\u00bb\u00bb,\u00bbcustom_css_styles\u00bb:\u00bb\u00bb,\u00bbtext\u00bb:\u00bbCUARTA: PROPUESTA, VOTACI\u00d3N Y ELECCI\u00d3N DE LOS GANADORES\u00bb,\u00bbtag\u00bb:\u00bbh2&#8243;},{\u00abcomponent\u00bb:\u00bbhc_title_tag\u00bb,\u00bbid\u00bb:\u00bbcc7YR\u00bb,\u00bbcss_classes\u00bb:\u00bb\u00bb,\u00bbcustom_css_classes\u00bb:\u00bb\u00bb,\u00bbcustom_css_styles\u00bb:\u00bb\u00bb,\u00bbtext\u00bb:\u00bbPremio \\\u00bbProyecto Solidario y Vida de Superaci\u00f3n 2026\\\u00bb\u00bb,\u00bbtag\u00bb:\u00bbh4&#8243;},{\u00abcomponent\u00bb:\u00bbhc_text_block\u00bb,\u00bbid\u00bb:\u00bb3Bpj3&#8243;,\u00bbcss_classes\u00bb:\u00bb\u00bb,\u00bbcustom_css_classes\u00bb:\u00bb\u00bb,\u00bbcustom_css_styles\u00bb:\u00bb\u00bb,\u00bbcontent\u00bb:\u00bb<\/p>\n<ol>\\n<\/p>\n<li>Propuestas de candidaturas al premio a trav\u00e9s de las antiguas alumnas. (Qui\u00e9n propones que merezca el premio de cada categor\u00eda),<\/li>\n<p>\\n<\/p>\n<li>Votaci\u00f3n entre las candidatas seleccionadas (se seleccionar\u00e1n a las m\u00e1s propuestas y la junta directiva se reserva el derecho a elegir esta selecci\u00f3n para la votaci\u00f3n).<\/li>\n<p>\\n<\/p>\n<li>Importante acreditarlo con un documento que acredite por qu\u00e9 propones a esa persona para cada categor\u00eda.<\/li>\n<p>\\n<\/p>\n<li>La ganadora final de cada categor\u00eda saldr\u00e1 de la alumni m\u00e1s votada por las antiguas alumnas.<\/li>\n<p>\\n<\/ol>\n<p>\u00ab},{\u00abcomponent\u00bb:\u00bbhc_title_tag\u00bb,\u00bbid\u00bb:\u00bbfyi9R\u00bb,\u00bbcss_classes\u00bb:\u00bb\u00bb,\u00bbcustom_css_classes\u00bb:\u00bb\u00bb,\u00bbcustom_css_styles\u00bb:\u00bb\u00bb,\u00bbtext\u00bb:\u00bbPremio \\\u00bbTrayectoria Profesional 2026\\\u00bb\u00bb,\u00bbtag\u00bb:\u00bbh4&#8243;},{\u00abcomponent\u00bb:\u00bbhc_text_block\u00bb,\u00bbid\u00bb:\u00bbnUIeS\u00bb,\u00bbcss_classes\u00bb:\u00bb\u00bb,\u00bbcustom_css_classes\u00bb:\u00bb\u00bb,\u00bbcustom_css_styles\u00bb:\u00bb\u00bb,\u00bbcontent\u00bb:\u00bb<\/p>\n<ol>\\n<\/p>\n<li>Propuestas de candidaturas al premio a trav\u00e9s de las antiguas alumnas. (Qui\u00e9n propones que merezca el premio).<\/li>\n<p>\\n<\/p>\n<li>Votaci\u00f3n entre las candidatas seleccionadas. (se seleccionar\u00e1n a las m\u00e1s propuestas y la junta directiva se reserva el derecho a elegir esta selecci\u00f3n para la votaci\u00f3n).<\/li>\n<p>\\n<\/p>\n<li>Importante acreditarlo con documento o CV que resuma por qu\u00e9 propones a esa persona.<\/li>\n<p>\\n<\/p>\n<li>La ganadora final ser\u00e1 seleccionada por la junta directiva de la asociaci\u00f3n de Antiguas Alumnas.<\/li>\n<p>\\n<\/ol>\n<p>\u00ab},{\u00abcomponent\u00bb:\u00bbhc_title_tag\u00bb,\u00bbid\u00bb:\u00bbH6fhG\u00bb,\u00bbcss_classes\u00bb:\u00bb\u00bb,\u00bbcustom_css_classes\u00bb:\u00bb\u00bb,\u00bbcustom_css_styles\u00bb:\u00bb\u00bb,\u00bbtext\u00bb:\u00bbPremio \\\u00bbExtraordinario a Profesoras 2026\\\u00bb\u00bb,\u00bbtag\u00bb:\u00bbh4&#8243;},{\u00abcomponent\u00bb:\u00bbhc_text_block\u00bb,\u00bbid\u00bb:\u00bb20fM9&#8243;,\u00bbcss_classes\u00bb:\u00bb\u00bb,\u00bbcustom_css_classes\u00bb:\u00bb\u00bb,\u00bbcustom_css_styles\u00bb:\u00bb\u00bb,\u00bbcontent\u00bb:\u00bb<\/p>\n<ol>\\n<\/p>\n<li>Propuestas de candidaturas al premio a trav\u00e9s de las antiguas alumnas. (Qui\u00e9n propones que merezca el premio).<\/li>\n<p>\\n<\/p>\n<li>Votaci\u00f3n entre las candidatas seleccionadas. (se seleccionar\u00e1n a las m\u00e1s propuestas y la junta directiva se reserva el derecho a elegir esta selecci\u00f3n para la votaci\u00f3n).<\/li>\n<p>\\n<\/p>\n<li>Importante explicar las razones por las que se consideran merecedoras de reconocimiento.<\/li>\n<p>\\n<\/p>\n<li>Las ganadoras finales de cada ciclo saldr\u00e1n de las profesoras m\u00e1s votadas por las antiguas alumnas.<\/li>\n<p>\\n<\/ol>\n<p>\\n\\n\u00bb},{\u00abcomponent\u00bb:\u00bbhc_title_tag\u00bb,\u00bbid\u00bb:\u00bbxQ0Gg\u00bb,\u00bbcss_classes\u00bb:\u00bb\u00bb,\u00bbcustom_css_classes\u00bb:\u00bb\u00bb,\u00bbcustom_css_styles\u00bb:\u00bb\u00bb,\u00bbtext\u00bb:\u00bbQUINTA: PREMIOS\u00bb,\u00bbtag\u00bb:\u00bbh2&#8243;},{\u00abcomponent\u00bb:\u00bbhc_text_block\u00bb,\u00bbid\u00bb:\u00bb1TT8x\u00bb,\u00bbcss_classes\u00bb:\u00bb\u00bb,\u00bbcustom_css_classes\u00bb:\u00bb\u00bb,\u00bbcustom_css_styles\u00bb:\u00bb\u00bb,\u00bbcontent\u00bb:\u00bb<\/p>\n<ol>\\n<\/p>\n<li><b>Premio Montealto Alumni Proyecto Solidario 2026<\/b><\/li>\n<p>\\n<\/p>\n<li><b>Premio Montealto Alumni Vida de Superaci\u00f3n 2026<\/b><\/li>\n<p>\\n<\/p>\n<li><b>Premio Montealto Alumni Trayectoria Profesional 2026<\/b><\/li>\n<p>\\n<\/p>\n<li><b>Premio Montealto Alumni Extraordinario a Profesoras 2026<\/b> (4 ciclos educativos)<\/li>\n<p>\\n<\/ol>\n<p>\\nLos Premios ser\u00e1n \u00fanicos e indivisibles.\\n\\nSi en alguna de las categor\u00edas, ninguna candidatura presentada por los participantes cumpliera con los criterios de rigurosidad y calidad exigidos para el otorgamiento de los Premios, el jurado podr\u00e1 declarar desierto el premio de la categor\u00eda correspondiente.\\n\\nMontealto Alumni se reserva el derecho a sustituir el premio por otro de caracter\u00edsticas similares, sin obligaci\u00f3n de indemnizaci\u00f3n alguna a terceros.\\n\\n\\n\\n\u00bb},{\u00abcomponent\u00bb:\u00bbhc_title_tag\u00bb,\u00bbid\u00bb:\u00bb3Ph5z\u00bb,\u00bbcss_classes\u00bb:\u00bb\u00bb,\u00bbcustom_css_classes\u00bb:\u00bb\u00bb,\u00bbcustom_css_styles\u00bb:\u00bb\u00bb,\u00bbtext\u00bb:\u00bbSEXTA: FALLO\u00bb,\u00bbtag\u00bb:\u00bbh2&#8243;},{\u00abcomponent\u00bb:\u00bbhc_text_block\u00bb,\u00bbid\u00bb:\u00bbV1b2a\u00bb,\u00bbcss_classes\u00bb:\u00bb\u00bb,\u00bbcustom_css_classes\u00bb:\u00bb\u00bb,\u00bbcustom_css_styles\u00bb:\u00bb\u00bb,\u00bbcontent\u00bb:\u00bbLos Premios se fallar\u00e1n, a m\u00e1s tardar, el mi\u00e9rcoles 15 de abril de 2026 y se har\u00e1n p\u00fablicos durante la celebraci\u00f3n del evento de los Premios Alumni celebrados el 16 de abril del 2026.\\n\\n\\n\\n\u00bb},{\u00abcomponent\u00bb:\u00bbhc_title_tag\u00bb,\u00bbid\u00bb:\u00bbOmj83&#8243;,\u00bbcss_classes\u00bb:\u00bb\u00bb,\u00bbcustom_css_classes\u00bb:\u00bb\u00bb,\u00bbcustom_css_styles\u00bb:\u00bb\u00bb,\u00bbtext\u00bb:\u00bbS\u00c9PTIMA: PROTECCI\u00d3N DE DATOS\u00bb,\u00bbtag\u00bb:\u00bbh2&#8243;},{\u00abcomponent\u00bb:\u00bbhc_text_block\u00bb,\u00bbid\u00bb:\u00bbUzi1b\u00bb,\u00bbcss_classes\u00bb:\u00bb\u00bb,\u00bbcustom_css_classes\u00bb:\u00bb\u00bb,\u00bbcustom_css_styles\u00bb:\u00bb\u00bb,\u00bbcontent\u00bb:\u00bbLos datos personales de los participantes se incorporar\u00e1n a un fichero responsabilidad de MONTEALTO ALUMNI, con domicilio en la C\/ LA MAS\u00d3, 78 28034 de Madrid, con la finalidad de gestionar su participaci\u00f3n en los Premios conforme a lo establecido en las presentes bases, y entregar los premios. Asimismo, salvo que se opongan en cualquier momento, bajo la base del inter\u00e9s leg\u00edtimo: \\n<\/p>\n<ul>\\n<\/p>\n<li>Los datos de los participantes podr\u00e1n ser utilizados para invitarlos a eventos, actos p\u00fablicos y otras actividades que puedan ser de su inter\u00e9s.<\/li>\n<p>\\n<\/p>\n<li>As\u00ed como para el env\u00edo de informaci\u00f3n alumni  de toda \u00edndole ya sea sobre actividades, noticias o novedades.<\/li>\n<p>\\n<\/p>\n<li>Los datos ser\u00e1n tratados con estas finalidades leg\u00edtimas de forma indefinida en el tiempo hasta que los interesados se opongan a dichas finalidades o ejerzan su derecho de supresi\u00f3n.<\/li>\n<p>\\n<\/ul>\n<p>\\nPara ejercer sus derechos de acceso, rectificaci\u00f3n, supresi\u00f3n, oposici\u00f3n, limitaci\u00f3n o portabilidad, dirija una comunicaci\u00f3n por escrito a Montealto Alumni C\/ La Mas\u00f3, 78 \u2013 28034, Madrid.\u00bb}]}],\u00bbsection_settings\u00bb:\u00bb\u00bb},\u00bbcolumn_itvNZ\u00bb:{\u00abid\u00bb:\u00bbcolumn_itvNZ\u00bb,\u00bbmain_content\u00bb:{\u00abcomponent\u00bb:\u00bbhc_title_tag\u00bb,\u00bbid\u00bb:\u00bbr19dl\u00bb,\u00bbcss_classes\u00bb:\u00bb\u00bb,\u00bbcustom_css_classes\u00bb:\u00bb\u00bb,\u00bbcustom_css_styles\u00bb:\u00bb\u00bb,\u00bbtext\u00bb:\u00bb3.4 Categor\u00eda \\\u00bbPremio Montealto Alumni Extraordinario a Profesoras\\\u00bb\u00bb,\u00bbtag\u00bb:\u00bbh4&#8243;}},\u00bbcolumn_Id5AD\u00bb:{\u00abid\u00bb:\u00bbcolumn_Id5AD\u00bb,\u00bbmain_content\u00bb:{\u00abcomponent\u00bb:\u00bbhc_text_block\u00bb,\u00bbid\u00bb:\u00bb2Wfga\u00bb,\u00bbcss_classes\u00bb:\u00bb\u00bb,\u00bbcustom_css_classes\u00bb:\u00bb\u00bb,\u00bbcustom_css_styles\u00bb:\u00bb\u00bb,\u00bbcontent\u00bb:\u00bbA esta categor\u00eda se podr\u00e1n presentar todas las profesoras del Colegio Montealto que consideren las Antiguas Alumnas sean merecedoras de este premio. Para ello, las Antiguas Alumnas deber\u00e1n proponer a profesoras que hayan dejado una huella imborrable en sus vidas acad\u00e9micas por sus cualidades pedag\u00f3gicas, su entrega al trabajo, su trato humano y su influencia en la trayectoria curricular posterior.\\n\\nPara participar en esta categor\u00eda, el participante deber\u00e1 rellenar el formulario habilitado al efecto <a href=\\\"https:\/\/www.dolphin-am.com\/montealto\/candidatura\\\">aqu\u00ed<\/a>.\\n\\nLa votaci\u00f3n posterior la har\u00e1n las antiguas alumnas del colegio Montealto y las ganadoras finales ser\u00e1n las m\u00e1s votadas en cada ciclo educativo.\\n\\n\\n\\n\u00bb}},\u00bbcolumn_ezQ3o\u00bb:{\u00abid\u00bb:\u00bbcolumn_ezQ3o\u00bb,\u00bbmain_content\u00bb:{\u00abcomponent\u00bb:\u00bbhc_title_tag\u00bb,\u00bbid\u00bb:\u00bbH6fhG\u00bb,\u00bbcss_classes\u00bb:\u00bb\u00bb,\u00bbcustom_css_classes\u00bb:\u00bb\u00bb,\u00bbcustom_css_styles\u00bb:\u00bb\u00bb,\u00bbtext\u00bb:\u00bbPremio \\\u00bbExtraordinario a Profesoras 2026\\\u00bb\u00bb,\u00bbtag\u00bb:\u00bbh4&#8243;}},\u00bbcolumn_BJfyo\u00bb:{\u00abid\u00bb:\u00bbcolumn_BJfyo\u00bb,\u00bbmain_content\u00bb:{\u00abcomponent\u00bb:\u00bbhc_text_block\u00bb,\u00bbid\u00bb:\u00bb20fM9&#8243;,\u00bbcss_classes\u00bb:\u00bb\u00bb,\u00bbcustom_css_classes\u00bb:\u00bb\u00bb,\u00bbcustom_css_styles\u00bb:\u00bb\u00bb,\u00bbcontent\u00bb:\u00bb<\/p>\n<ol>\\n<\/p>\n<li>Propuestas de candidaturas al premio a trav\u00e9s de las antiguas alumnas. (Qui\u00e9n propones que merezca el premio).<\/li>\n<p>\\n<\/p>\n<li>Votaci\u00f3n entre las candidatas seleccionadas. (se seleccionar\u00e1n a las m\u00e1s propuestas y la junta directiva se reserva el derecho a elegir esta selecci\u00f3n para la votaci\u00f3n).<\/li>\n<p>\\n<\/p>\n<li>Importante explicar las razones por las que se consideran merecedoras de reconocimiento.<\/li>\n<p>\\n<\/p>\n<li>Las ganadoras finales de cada ciclo saldr\u00e1n de las profesoras m\u00e1s votadas por las antiguas alumnas.<\/li>\n<p>\\n<\/ol>\n<p>\\n\\n\u00bb}},\u00bbscripts\u00bb:{},\u00bbcss\u00bb:{},\u00bbcss_page\u00bb:\u00bb\u00bb,\u00bbtemplate_setting\u00bb:{},\u00bbtemplate_setting_top\u00bb:{},\u00bbpage_setting\u00bb:{\u00absettings\u00bb:[\u00ablock-mode-off\u00bb]}}<\/p>\n","protected":false},"excerpt":{"rendered":"<p>{\u00abmain-title\u00bb:{\u00abcomponent\u00bb:\u00bbhc_title\u00bb,\u00bbid\u00bb:\u00bbmain-title\u00bb,\u00bbtitle\u00bb:\u00bb\u00bb,\u00bbsubtitle\u00bb:\u00bb\u00bb,\u00bbtitle_content\u00bb:{\u00abcomponent\u00bb:\u00bbhc_title_base\u00bb,\u00bbid\u00bb:\u00bbtitle-base\u00bb,\u00bbimage\u00bb:\u00bb\u00bb,\u00bbbreadcrumbs\u00bb:false,\u00bblight\u00bb:false,\u00bbalignment\u00bb:\u00bb\u00bb}},\u00bbsection_5ZtkF\u00bb:{\u00abcomponent\u00bb:\u00bbhc_section\u00bb,\u00bbid\u00bb:\u00bbsection_5ZtkF\u00bb,\u00bbsection_width\u00bb:\u00bb\u00bb,\u00bbanimation\u00bb:\u00bb\u00bb,\u00bbanimation_time\u00bb:\u00bb\u00bb,\u00bbtimeline_animation\u00bb:\u00bb\u00bb,\u00bbtimeline_delay\u00bb:\u00bb\u00bb,\u00bbtimeline_order\u00bb:\u00bb\u00bb,\u00bbvertical_row\u00bb:\u00bb\u00bb,\u00bbcss_classes\u00bb:\u00bb\u00bb,\u00bbcustom_css_classes\u00bb:\u00bb\u00bb,\u00bbcustom_css_styles\u00bb:\u00bb\u00bb,\u00bbsection_content\u00bb:[{\u00abcomponent\u00bb:\u00bbhc_column\u00bb,\u00bbid\u00bb:\u00bbcolumn_nIQ82&#8243;,\u00bbcolumn_width\u00bb:\u00bbcol-md-12&#8243;,\u00bbanimation\u00bb:\u00bb\u00bb,\u00bbanimation_time\u00bb:\u00bb\u00bb,\u00bbtimeline_animation\u00bb:\u00bb\u00bb,\u00bbtimeline_delay\u00bb:\u00bb\u00bb,\u00bbtimeline_order\u00bb:\u00bb\u00bb,\u00bbcss_classes\u00bb:\u00bb\u00bb,\u00bbcustom_css_classes\u00bb:\u00bb\u00bb,\u00bbcustom_css_styles\u00bb:\u00bb\u00bb,\u00bbmain_content\u00bb:[{\u00abcomponent\u00bb:\u00bbhc_title_tag\u00bb,\u00bbid\u00bb:\u00bbuLoBq\u00bb,\u00bbcss_classes\u00bb:\u00bb\u00bb,\u00bbcustom_css_classes\u00bb:\u00bb\u00bb,\u00bbcustom_css_styles\u00bb:\u00bb\u00bb,\u00bbtext\u00bb:\u00bbPRIMERA: OBJETO\u00bb,\u00bbtag\u00bb:\u00bbh2&#8243;},{\u00abcomponent\u00bb:\u00bbhc_text_block\u00bb,\u00bbid\u00bb:\u00bbO4YU0&#8243;,\u00bbcss_classes\u00bb:\u00bb\u00bb,\u00bbcustom_css_classes\u00bb:\u00bb\u00bb,\u00bbcustom_css_styles\u00bb:\u00bb\u00bb,\u00bbcontent\u00bb:\u00bbLos Premios MONTEALTO ALUMNI (en adelante, los \u201cPremios\u201d) est\u00e1n organizados y gestionados por la ASOCIACI\u00d3N DE ANTIGUAS ALUMNAS DEL COLEGIO MONTEALTO (en adelante, \u201cAAA\u201d), con el fin de seleccionar a las Alumnis m\u00e1s destacadas por su trayectoria personal, vida de superaci\u00f3n o proyecto solidario, seg\u00fan se establece a continuaci\u00f3n:\\n \\n La categor\u00eda Proyecto Solidario [&hellip;]<\/p>\n","protected":false},"author":1,"featured_media":0,"parent":0,"menu_order":0,"comment_status":"closed","ping_status":"closed","template":"","meta":{"footnotes":""},"class_list":["post-1040216","page","type-page","status-publish","hentry"],"_links":{"self":[{"href":"https:\/\/www.dolphin-am.com\/montealto\/wp-json\/wp\/v2\/pages\/1040216","targetHints":{"allow":["GET"]}}],"collection":[{"href":"https:\/\/www.dolphin-am.com\/montealto\/wp-json\/wp\/v2\/pages"}],"about":[{"href":"https:\/\/www.dolphin-am.com\/montealto\/wp-json\/wp\/v2\/types\/page"}],"author":[{"embeddable":true,"href":"https:\/\/www.dolphin-am.com\/montealto\/wp-json\/wp\/v2\/users\/1"}],"replies":[{"embeddable":true,"href":"https:\/\/www.dolphin-am.com\/montealto\/wp-json\/wp\/v2\/comments?post=1040216"}],"version-history":[{"count":5,"href":"https:\/\/www.dolphin-am.com\/montealto\/wp-json\/wp\/v2\/pages\/1040216\/revisions"}],"predecessor-version":[{"id":1040718,"href":"https:\/\/www.dolphin-am.com\/montealto\/wp-json\/wp\/v2\/pages\/1040216\/revisions\/1040718"}],"wp:attachment":[{"href":"https:\/\/www.dolphin-am.com\/montealto\/wp-json\/wp\/v2\/media?parent=1040216"}],"curies":[{"name":"wp","href":"https:\/\/api.w.org\/{rel}","templated":true}]}}